{"id":71058,"date":"2020-06-25T20:47:50","date_gmt":"2020-06-25T18:47:50","guid":{"rendered":"https:\/\/reflabgenetics.com\/?post_type=webinar&#038;p=71058"},"modified":"2020-11-25T11:34:27","modified_gmt":"2020-11-25T10:34:27","slug":"el-laboratorio-clinico-frente-a-la-pandemia-de-covid-19-aproximacion-al-diagnostico-y-seguimiento","status":"publish","type":"webinar","link":"https:\/\/reflabgenetics.com\/es\/webinar\/el-laboratorio-clinico-frente-a-la-pandemia-de-covid-19-aproximacion-al-diagnostico-y-seguimiento\/","title":{"rendered":"El laboratorio cl\u00ednico frente a la pandemia de Covid-19, aproximaci\u00f3n al diagn\u00f3stico y seguimiento"},"content":{"rendered":"\n<p><\/p>\n\n\n\n<p>\u00danase al pr\u00f3ximo webinar de la <strong>Sociedad de Bioqu\u00edmica Cl\u00ednica de Pichincha SEBIOCLI<\/strong> en colaboraci\u00f3n con <strong>SANAC <\/strong>el pr\u00f3ximo s\u00e1bado 27 de junio: \u00ab<strong>EL LABORATORIO CL\u00cdNICO FRENTE A LA PANDEMIA DE COVID-19, APROXIMACI\u00d3N AL DIAGN\u00d3STICO Y SEGUIMIENTO<\/strong>\u00ab. <\/p>\n\n\n\n<p>15h Ecuador, 22h Espa\u00f1a. <br><\/p>\n\n\n\n<p>Puede acceder a trav\u00e9s del link: ow.ly\/Msrs50Ahlsu, <br>ID de reuni\u00f3n: 896 5791 7122<br>contrase\u00f1a: 458074<\/p>\n\n\n\n<p>Contenido del webinar:<br><br><strong>Situaci\u00f3n de los Laboratorios Cl\u00ednicos en Espa\u00f1a durante la Pandemia de COVID-19<\/strong><br>Dr. Cristobal Avivar Oyonarte,&nbsp;Presidente SANAC, Director \u00c1rea Integrada Biotecnolog\u00eda E.P.S Hospital de Poniente, El Ejido (Almer\u00eda)<br><br><strong>El inmunodiagn\u00f3stico infeccioso en COVID 19, fortalezas y debilidades.<\/strong><br>Dr. Felix Gasc\u00f3n Luna, miembro de la&nbsp;Junta Directiva SANAC, Director UGC Laboratorio Cl\u00ednico ASNC Hospital \u00abValle de los Pedroches\u00bb (C\u00f3rdoba)<br><br><strong>Biomarcadores bioqu\u00edmicos m\u00e1s importantes en la infecci\u00f3n por&nbsp;SARS-CoV-2, nos contar\u00e1 la importancia de los mismos en el pron\u00f3stico y diagn\u00f3stico de la Enfermedad.<br><\/strong>Dr.&nbsp;Gonzalo Callej\u00f3n Mart\u00edn,&nbsp;Comit\u00e9 Cient\u00edfico SANAC, Coordinador de An\u00e1lisis Cl\u00ednicos. \u00c1rea de Laboratorios Cl\u00ednicos. E.P.S Hospital Costa del Sol, Marbella (M\u00e1laga)<br><br><\/p>\n","protected":false},"template":"","grouping":[],"actualidad-del-webinar":[15937],"_links":{"self":[{"href":"https:\/\/reflabgenetics.com\/es\/wp-json\/wp\/v2\/webinar\/71058"}],"collection":[{"href":"https:\/\/reflabgenetics.com\/es\/wp-json\/wp\/v2\/webinar"}],"about":[{"href":"https:\/\/reflabgenetics.com\/es\/wp-json\/wp\/v2\/types\/webinar"}],"wp:attachment":[{"href":"https:\/\/reflabgenetics.com\/es\/wp-json\/wp\/v2\/media?parent=71058"}],"wp:term":[{"taxonomy":"grouping","embeddable":true,"href":"https:\/\/reflabgenetics.com\/es\/wp-json\/wp\/v2\/grouping?post=71058"},{"taxonomy":"actualidad-del-webinar","embeddable":true,"href":"https:\/\/reflabgenetics.com\/es\/wp-json\/wp\/v2\/actualidad-del-webinar?post=71058"}],"curies":[{"name":"wp","href":"https:\/\/api.w.org\/{rel}","templated":true}]}}

El laboratorio clínico frente a la pandemia de Covid-19, aproximación al diagnóstico y seguimiento

<p></p>



<p>Únase al próximo webinar de la <strong>Sociedad de Bioquímica Clínica de Pichincha SEBIOCLI</strong> en colaboración con <strong>SANAC </strong>el próximo sábado 27 de junio: «<strong>EL LABORATORIO CLÍNICO FRENTE A LA PANDEMIA DE COVID-19, APROXIMACIÓN AL DIAGNÓSTICO Y SEGUIMIENTO</strong>«. </p>



<p>15h Ecuador, 22h España. <br></p>



<p>Puede acceder a través del link: ow.ly/Msrs50Ahlsu, <br>ID de reunión: 896 5791 7122<br>contraseña: 458074</p>



<p>Contenido del webinar:<br><br><strong>Situación de los Laboratorios Clínicos en España durante la Pandemia de COVID-19</strong><br>Dr. Cristobal Avivar Oyonarte,&nbsp;Presidente SANAC, Director Área Integrada Biotecnología E.P.S Hospital de Poniente, El Ejido (Almería)<br><br><strong>El inmunodiagnóstico infeccioso en COVID 19, fortalezas y debilidades.</strong><br>Dr. Felix Gascón Luna, miembro de la&nbsp;Junta Directiva SANAC, Director UGC Laboratorio Clínico ASNC Hospital «Valle de los Pedroches» (Córdoba)<br><br><strong>Biomarcadores bioquímicos más importantes en la infección por&nbsp;SARS-CoV-2, nos contará la importancia de los mismos en el pronóstico y diagnóstico de la Enfermedad.<br></strong>Dr.&nbsp;Gonzalo Callejón Martín,&nbsp;Comité Científico SANAC, Coordinador de Análisis Clínicos. Área de Laboratorios Clínicos. E.P.S Hospital Costa del Sol, Marbella (Málaga)<br><br></p>
